ppose -3*f - 5*h + 47 = 0, t = f + 2*f + 2*h. Calculate the remainder when f is divided by (420/50)/((-12)/(-10)).
0
Suppose -19*h = -2*h - 1979 - 4005. What is the remainder when h is divided by 5?
2
Suppose -237*j + 33740 = -202*j. What is the remainder when j is divided by 82?
62
Suppose 99*w - 55 = 94*w. Calculate the remainder when 810 is divided by w.
7
Calculate the remainder when (140/(-15))/((-645)/2484 + (-9)/(-36)) is divided by 137.
7
Suppose -13*m = 12*m - 12375. Let c = m - 297. Calculate the remainder when c is divided by 25.
23
Let n(b) = 92*b - 3599. What is the remainder when 934 is divided by n(44)?
36
Let a(i) = -36*i + 4. Let z be a(-1). Suppose -z*m = -43*m + 30. What is the remainder when (8 - 9)/(m/(-8))*120 is divided by 9?
6
Let h(s) = 17*s + 201. Let v be h(-12). Calculate the remainder when 25 + 18 - (v - -8) is divided by 11.
5
Let x be 3579 - (0/(-1) - 3). Calculate the remainder when ((-3)/(-2))/(27/x) is divided by 40.
39
Let p = -3472 - -3943. What is the remainder when 488 is divided by p?
17
Let s(f) = -8*f - 1. Let b be -2*3*5/30. Calculate the remainder when ((-24)/30*2)/((-3)/45) is divided by s(b).
3
Let f = 168 - 51. Suppose 7*b - 115 = 186. What is the remainder when f is divided by b?
31
Suppose 8*n = 12*n - 9232. What is the remainder when (-30)/(-55) + n/44 is divided by 27?
26
Let a(s) = -s**3 - 10*s**2 + 168*s - 13. What is the remainder when 1010 is divided by a(-19)?
42
Let u(t) = 20*t - 43. Calculate the remainder when u(14) is divided by 6*1*2 + (279 - 284).
6
Suppose 0 = 24*w - 42*w - 504. Let j(o) = -4*o - 67. Calculate the remainder when j(w) is divided by 13.
6
Let b = 22052 + -21970. What is the remainder when 86 is divided by b?
4
Let b(q) = -125*q - 90. What is the remainder when b(-1) is divided by 35?
0
Let d = -2387 + 3045. What is the remainder when d is divided by 166?
160
Suppose 5*d + 4*v = -6, -6*d - 10 = -2*d - 2*v. What is the remainder when 211 is divided by d/(((-52)/(-65))/((-318)/15))?
52
Suppose -3*t - 42 = -30. What is the remainder when (-87)/(-3) + -3 - 3 is divided by (-137)/(-9) - (228/54 + t)?
8
Suppose -6*o = -8*o + 4*w + 64, -o - 5*w = -18. What is the remainder when o is divided by 11?
6
Let u = -90 + 118. Let o(f) = 22*f**2 - 21*f - 12. Calculate the remainder when o(-3) is divided by u.
25
Suppose 0 = 5*n - 37 - 58. Suppose -2*x + 824 = 4*r, 10*r = 5*r - x + 1033. What is the remainder when r is divided by n?
17
Let z(t) = t**3 + 6*t**2 + 2*t + 1. Suppose 0 = 3*h - h + 4. Let g be h*((-45)/2)/(-9). Calculate the remainder when 43 is divided by z(g).
11
Let n = 26273 - 26258. Suppose u - 2*w = 70, 4*w - 5*w = -5*u + 323. Calculate the remainder when u is divided by n.
4
Suppose -243 = -3*a + 4*j + 14, a = 5*j + 71. Let x = -107 - -49. Let y = x + a. What is the remainder when 65 is divided by y?
32
What is the remainder when -13 + 14 - (-228 + 3) is divided by 131?
95
Suppose -182 = -3*k + 2*c, -118*c - 302 = -5*k - 115*c. What is the remainder when 132 is divided by k?
16
Let l = 175 - 164. Suppose 15 = 4*z - l*j + 6*j, -24 = -5*z + j. What is the remainder when 222 is divided by z?
2
Let i = 182 + -28. Let y = -8710 - -8790. What is the remainder when i is divided by y?
74
Suppose 286*b = 475*b - 8127. Calculate the remainder when 7438 is divided by b.
42
Suppose -1 = -2*g + 4*x + 35, 0 = -2*x - 6. Suppose -115 + 487 = g*z. What is the remainder when 60 is divided by z?
29
Suppose n + 397 = 4*q, 137*q - 140*q + 279 = 3*n. Calculate the remainder when 485 is divided by q.
93
Calculate the remainder when 3333 is divided by 71816/1504 + (-3)/4.
43
Suppose -o + 3 = -s - 33, 3*s = 3. Suppose -v + 340 = 4*m, -m - 2*v + 3*v = -80. Let l = 25 + m. Calculate the remainder when l is divided by o.
35
What is the remainder when 238/3 - (-6)/9 is divided by -6 - (-220)/22 - -1?
0
Let x be 1*(-4)/14 - 6/(-21). Suppose 3*f - 6 = x, 3*f - 6*f = -a - 1. Suppose -a*v = -21 + 1. Calculate the remainder when 17 is divided by v.
1
Suppose -3*h = 3*h - 2034. Suppose -338*m - 13 = -h*m. Calculate the remainder when 102 is divided by m.
11
Let v = -274 - -304. Suppose y + y = -2*b + v, -74 = -4*y + 3*b. Calculate the remainder when 32 is divided by y.
15
Let v be ((-1)/(-2))/(4 - (-22950)/(-5740)). Let q = v + -278. What is the remainder when 26 is divided by q?
8
Calculate the remainder when 338 is divided by 13*5 - (8/(-12))/((-4)/36).
43
Let q = -6646 - -6829. Calculate the remainder when q is divided by 133.
50
Let p(x) = -175*x - 1879. Calculate the remainder when p(-15) is divided by 221.
83
Suppose 10*i = -1175 + 365. Let o = -75 - i. Suppose 8*z - o*z - 154 = 0. Calculate the remainder when z is divided by 13.
12
Let l be 1/(4/3) - 13/(-4). Suppose -3*k + x = -143, 3*k + l*x + 140 = 6*k. Suppose 36*a - k = 34*a. Calculate the remainder when 40 is divided by a.
16
Suppose 394*u - 23501 + 3555 = 6846. Let p(d) = -d**2 + d + 23. Suppose 4 = -q + 2*i, -4*q - 8 = -0*i - 4*i. Calculate the remainder when u is divided by p(q).
22
Suppose -7*q = 10*q + 357. Calculate the remainder when (177/(-6))/(q/378) is divided by 28.
27
Let v(q) = -q**2 + 4*q - 1. Let b be v(3). Suppose -b + 0 = -3*t - 4*w, 0 = -5*w + 10. What is the remainder when 31 - t/(4 + -5) is divided by 16?
13
Let u(r) = r**3 - 5*r**2 - 4*r + 6. Let v(a) = a**3 + 17*a**2 - 16*a + 42. Let h be v(-18). What is the remainder when 142 is divided by u(h)?
16
Let o = 724 - 717. Suppose -2*h = 3*h - 4*d - 119, 0 = -5*d + 20. What is the remainder when h is divided by (1 + -10)/((-7)/o)?
0
Suppose -2*l - 60 = -3*l. Suppose -21*c - 4*s + 308 = -18*c, 3*s - 427 = -4*c. Calculate the remainder when c is divided by l.
52
What is the remainder when 1217 is divided by 1/(8/152) + 21?
17
Suppose 3*r - 10*r + 686 = 0. Let o = 57 + -59. What is the remainder when r is divided by (-1 + (-5)/o)*612/54?
13
Let b = -1 + 3. Let l = b + 4. Let w(i) = 3*i**3 + 110*i**2 + 73*i + 42. What is the remainder when w(-36) is divided by l?
0
Let d = 76 - 72. Suppose d*a - 5*a + 189 = -4*y, 4*a + 210 = -5*y. Calculate the remainder when 21 is divided by -1 - y/6 - 2/3.
3
Let a(l) = l + 15. Suppose 139 = 5*c - 4*q, -10*q + 8*q = 2. What is the remainder when c is divided by a(-11)?
3
Let i(k) = 2*k**2 + 9*k - 18. Let z be i(-8). Suppose -z = -3*w + 1. Calculate the remainder when (w/(-3) - -4)/(1/(-114)) is divided by 21.
17
Suppose 5*h - 54 = -h. Let f be ((-154)/6)/((-3)/h). Suppose f*v - 73*v - 72 = 0. What is the remainder when v is divided by 7?
4
Let x(n) = n**3 + 2*n**2 - 31*n - 26. Let i = -1 + 46. What is the remainder when i is divided by x(-6)?
13
Suppose -5*p + 1443 - 44 = 114. What is the remainder when 519 is divided by p?
5
What is the remainder when ((-130)/(-6))/((-5066)/(-561) - 9) is divided by 38?
31
Let z be (-1 + 2)/((-4 - -8)/4116). Suppose 0 = -3*g + 3*x + z, 323 = g - x + 4*x. Let y = -229 + g. What is the remainder when y is divided by 23?
17
Let o be 8*-5*(-9)/60. Suppose 5*y + 136 = 4*f - 23, 0 = -2*f + 3*y + 77. Suppose u + o = f. What is the remainder when u is divided by 15?
10
Let m(i) = -9 + 0*i - 5*i + 31 + 4*i - i. Let d(k) = -k**2 - 10*k + 7. Let z be d(-10). Calculate the remainder when 55 is divided by m(z).
7
Let y(r) = -17 - 40*r**2 + 24*r**2 + 25*r**2 - 2*r. Calculate the remainder when y(5) is divided by 8.
6
Let k = -11894 - -12123. What is the remainder when k is divided by 116?
113
Suppose n - 49 = -3*h, 4*n - 18*h + 16*h = 266. What is the remainder when n is divided by (-5)/((-18)/(-21) + -1)?
29
Let x = 362 + -356. Suppose 0 = -k + 2*z - x*z + 312, z - 925 = -3*k. Calculate the remainder when k is divided by 63.
56
Suppose -290 - 70 = -6*c. Let k be (12/(-10))/(16/c)*-2. Let a = 43 - k. What is the remainder when 65 is divided by a?
31
Suppose -4*f + f = -9. Suppose 3*b + 2*t - 60 = -18, -4*b + 56 = -f*t. Calculate the remainder when b is divided by -10*(48/20)/(-4).
2
Let i = 339 - 230. Suppose 4*p - 22 = 2. What is the remainder when (i/p)/(2/(-6))*-2 is divided by 14?
11
Suppose -3*a = 3*f - 78, -5*f + 413*a - 414*a = -134. Calculate the remainder when 41 is divided by f.
14
Let r(j) = j**3 - j**2 - j + 19. Let a(y) = y + 31. Let m be a(18). Suppose 5*q + m = 69. Calculate the remainder when r(0) is 